{"id":1484,"date":"2019-09-09T18:19:55","date_gmt":"2019-09-09T16:19:55","guid":{"rendered":"https:\/\/cavaliers23.fr\/russie2019\/?page_id=1484"},"modified":"2019-09-10T11:41:51","modified_gmt":"2019-09-10T09:41:51","slug":"litineraire-jour-par-jour","status":"publish","type":"page","link":"https:\/\/cavaliers23.fr\/russie2019\/index.php\/litineraire-jour-par-jour\/","title":{"rendered":"L&rsquo;itin\u00e9raire, jour par jour"},"content":{"rendered":"<p>Pour voir cet itin\u00e9raire, r\u00e9alis\u00e9 \u00e0 partir des positions GPS de chaque bivouac, cliquer sur <a class=\"mon-lien\" href=\"https:\/\/cavaliers23.fr\/dld\/carte_2019_itineraire_api_3.html\" rel=\"noopener noreferrer\" target=\"_blank\">itin\u00e9raire<\/a><br \/>\nBon voyage !<\/p>\n","protected":false},"excerpt":{"rendered":"<p>Pour voir cet itin\u00e9raire, r\u00e9alis\u00e9 \u00e0 partir des positions GPS de chaque bivouac, cliquer sur itin\u00e9raire Bon voyage !<\/p>\n","protected":false},"author":1,"featured_media":0,"parent":0,"menu_order":0,"comment_status":"closed","ping_status":"closed","template":"","meta":{"footnotes":""},"class_list":["post-1484","page","type-page","status-publish","hentry"],"_links":{"self":[{"href":"https:\/\/cavaliers23.fr\/russie2019\/index.php\/wp-json\/wp\/v2\/pages\/1484","targetHints":{"allow":["GET"]}}],"collection":[{"href":"https:\/\/cavaliers23.fr\/russie2019\/index.php\/wp-json\/wp\/v2\/pages"}],"about":[{"href":"https:\/\/cavaliers23.fr\/russie2019\/index.php\/wp-json\/wp\/v2\/types\/page"}],"author":[{"embeddable":true,"href":"https:\/\/cavaliers23.fr\/russie2019\/index.php\/wp-json\/wp\/v2\/users\/1"}],"replies":[{"embeddable":true,"href":"https:\/\/cavaliers23.fr\/russie2019\/index.php\/wp-json\/wp\/v2\/comments?post=1484"}],"version-history":[{"count":4,"href":"https:\/\/cavaliers23.fr\/russie2019\/index.php\/wp-json\/wp\/v2\/pages\/1484\/revisions"}],"predecessor-version":[{"id":1506,"href":"https:\/\/cavaliers23.fr\/russie2019\/index.php\/wp-json\/wp\/v2\/pages\/1484\/revisions\/1506"}],"wp:attachment":[{"href":"https:\/\/cavaliers23.fr\/russie2019\/index.php\/wp-json\/wp\/v2\/media?parent=1484"}],"curies":[{"name":"wp","href":"https:\/\/api.w.org\/{rel}","templated":true}]}}