{"id":1671,"date":"2017-09-27T15:37:38","date_gmt":"2017-09-27T13:37:38","guid":{"rendered":"http:\/\/cavaliers23.fr\/russie2017\/?page_id=1671"},"modified":"2018-04-23T21:19:04","modified_gmt":"2018-04-23T19:19:04","slug":"bonjour","status":"publish","type":"page","link":"https:\/\/cavaliers23.fr\/russie2017\/","title":{"rendered":"Bonjour !"},"content":{"rendered":"<p>Vous pouvez voir le blog :<\/p>\n<p>&#8211; dans l&rsquo;ordre traditionnel &#8212;on commence par ce qui est le plus r\u00e9cent&#8212; cliquer <a href=\"https:\/\/cavaliers23.fr\/russie2017\/index.php\/2017\/?order=dsc\">ici<\/a><br \/>\n&#8211; dans l&rsquo;ordre chronologique &#8212;on commence par le d\u00e9but du voyage&#8212; cliquer <a href=\"https:\/\/cavaliers23.fr\/russie2017\/index.php\/2017\/?order=asc\">ici<\/a><\/p>\n<p>et l&rsquo;itin\u00e9raire GoogleMaps : <a href=\"https:\/\/www.google.fr\/maps\/d\/embed?mid=17jEWVPe1LiYlsCQ0lIrRsOKx6G4&#038;hl=fr&#038;ll=49.94654900915197%2C56.03116499999999&#038;z=4\" rel=\"noopener\" target=\"_blank\">ici<\/a><\/p>\n<p>et tous les points gps du voyage :<br \/>\n<iframe loading=\"lazy\" title=\"exemple 1 avec iframe\" src=\"https:\/\/cavaliers23.fr\/dld\/carte_2017_api_3.html\" width=\"640\" height=\"640\"><\/p>\n<p>Your browser does not support iframes.<\/p>\n<p><\/iframe>                                         <\/p>\n<p>Bonne lecture !<\/p>\n<p>Dani\u00e8le et Jean-Louis<\/p>\n","protected":false},"excerpt":{"rendered":"<p>Vous pouvez voir le blog : &#8211; dans l&rsquo;ordre traditionnel &#8212;on commence par ce qui est le plus r\u00e9cent&#8212; cliquer ici &#8211; dans l&rsquo;ordre chronologique &#8212;on commence par le d\u00e9but du voyage&#8212; cliquer ici et l&rsquo;itin\u00e9raire GoogleMaps : ici et tous les points gps du voyage : Your browser does not support iframes. Bonne lecture &hellip; <a href=\"https:\/\/cavaliers23.fr\/russie2017\/\" class=\"more-link\">Continuer la lecture<span class=\"screen-reader-text\"> de &laquo;&nbsp;Bonjour !&nbsp;&raquo;<\/span><\/a><\/p>\n","protected":false},"author":1,"featured_media":0,"parent":0,"menu_order":0,"comment_status":"closed","ping_status":"closed","template":"","meta":{"footnotes":""},"class_list":["post-1671","page","type-page","status-publish","hentry"],"_links":{"self":[{"href":"https:\/\/cavaliers23.fr\/russie2017\/index.php\/wp-json\/wp\/v2\/pages\/1671","targetHints":{"allow":["GET"]}}],"collection":[{"href":"https:\/\/cavaliers23.fr\/russie2017\/index.php\/wp-json\/wp\/v2\/pages"}],"about":[{"href":"https:\/\/cavaliers23.fr\/russie2017\/index.php\/wp-json\/wp\/v2\/types\/page"}],"author":[{"embeddable":true,"href":"https:\/\/cavaliers23.fr\/russie2017\/index.php\/wp-json\/wp\/v2\/users\/1"}],"replies":[{"embeddable":true,"href":"https:\/\/cavaliers23.fr\/russie2017\/index.php\/wp-json\/wp\/v2\/comments?post=1671"}],"version-history":[{"count":14,"href":"https:\/\/cavaliers23.fr\/russie2017\/index.php\/wp-json\/wp\/v2\/pages\/1671\/revisions"}],"predecessor-version":[{"id":1844,"href":"https:\/\/cavaliers23.fr\/russie2017\/index.php\/wp-json\/wp\/v2\/pages\/1671\/revisions\/1844"}],"wp:attachment":[{"href":"https:\/\/cavaliers23.fr\/russie2017\/index.php\/wp-json\/wp\/v2\/media?parent=1671"}],"curies":[{"name":"wp","href":"https:\/\/api.w.org\/{rel}","templated":true}]}}